 Let b = 1301 + z. Is b a composite number?
False
Is (-16)/(176/(-44055)) - -14 a composite number?
False
Let d(k) = -k**3 - k**2 + 5*k + 187. Let p(a) be the second derivative of -a**3/6 + 5*a. Let m(h) = d(h) + 6*p(h). Is m(0) a prime number?
False
Suppose 0 = 3*h - v - 0 - 11, -2*h - 4*v + 12 = 0. Suppose 0 = l - 0*u - h*u - 27, 0 = -2*l + 4*u + 42. Suppose l*b - 8*b = 32459. Is b composite?
False
Let a = -5 - -7. Suppose -5*t = 2*u + 2, 83*t = 2*u + 85*t - 4. Suppose -a*f + u*d + 1566 = 0, 3*d + 1813 = 3*f - 533. Is f a composite number?
True
Let q = 1346296 + -918709. Is q prime?
False
Suppose r + 79435 = -4*r. Let i be r/(-8) - 4/(-32). Suppose 24*z = 18*z + i. Is z a prime number?
True
Let z = 175227 + -71938. Is z prime?
True
Suppose 111*v + q = 113*v - 38237, -4*v + 76489 = q. Is v a composite number?
False
Suppose -31*a + 134*a = 32*a + 13858419. Is a a prime number?
False
Suppose -64*s = 23*s - 70*s - 3128527. Is s composite?
False
Let l(n) = -41 + 20*n + 30*n - 5*n**2 + 43*n**2 + n**3. Is l(-24) prime?
True
Let a(w) = 2*w**2 - 45*w + 24. Let p be a(22). Let i be (381/(-12))/((-1)/8). Suppose f + i = p*f. Is f prime?
False
Let t be 5/(-5) + 2/2. Suppose 3*q + 4*l - 23463 = t, 5*q - 29578 - 9498 = 3*l. Is q a prime number?
True
Let v = -7733 - -31804. Is v a composite number?
False
Suppose -z = -5877 + 800. Is z prime?
True
Suppose 0 = -72*g + 17*g - 31*g + 47979142. Is g prime?
False
Let h(n) = n + 8. Let q be h(0). Let m(g) = -g**3 + 8*g**2 + 4*g - 32. Let j be m(q). Suppose -6*k + k + 50 = j. Is k prime?
False
Suppose -2*q - 3*g - 9 = 0, -3*g + 2*g + 1 = 2*q. Suppose 3*v - 3005 = 2*d, q*v - d - 2*d = 3003. Is v a prime number?
False
Let d(f) = -6633*f**3 - 6*f**2 + 16*f + 32. Is d(-3) composite?
False
Let l = 15643 + -8619. Let a = l - 4821. Is a a prime number?
True
Let g = 749 + 846. Suppose -11*l + g = -6*l. Is l a composite number?
True
Let j(u) = 10*u**2 + 90*u + 277. Is j(-51) a composite number?
True
Let r(t) be the first derivative of -t**3/3 + 3*t**2/2 + 7*t - 5. Let j be r(4). Suppose j*y = 3*i + 2*i - 4823, 0 = 3*i - 2*y - 2893. Is i a composite number?
False
Let b be 0 + 3/((-9)/6) + 0. Is (-2)/4*(-636 - b) composite?
False
Let u be 3/9 - (-7)/((-21)/(-158)). Suppose 5*x - 5*h - 111 = -h, -u = -3*x - h. Let o = x + 992. Is o prime?
False
Let j(b) = 10*b**2 - 845*b + 501. Is j(130) a prime number?
True
Let d be ((-9176)/186)/(-1*1/45). Let j = d + 1169. Is j composite?
False
Suppose 12 = 4*s, -4*i - 2*s = -65 + 23. Suppose 0 = 5*l - 1 - i. Is (((-56)/(-12))/7)/(l/1059) prime?
True
Suppose -9*q + 6*q + 22062 = 2*v, -v = -q - 11031. Suppose -c + 0*c - 3*z + 11032 = 0, c - v = -2*z. Is c a composite number?
True
Suppose 30*l = 852855 + 742755. Is l prime?
False
Let k(l) = 3335*l - 85. Let b be k(13). Suppose 2*r + 8*r - b = 0. Is r a prime number?
True
Suppose -5*i - 1522 = -14807. Suppose -1773 = -2*j - z, j + 2*j + 4*z - i = 0. Is j prime?
True
Let l = 211 + -838. Suppose -2*m - m + 546 = 0. Let r = m - l. Is r composite?
False
Suppose 6 = -4*t + 14. Suppose b - 673 = t*x - 3*x, -b + 671 = 3*x. Is b prime?
False
Let z be (7 - 1)*(-516)/(-24). Suppose -1327 = -5*w + 2*m, -4*m + 662 = 3*w - z. Is w composite?
True
Let u be 46/(-3)*36/6*-1. Is 82884/u - 18/(-207) a composite number?
True
Let w = -4275 + 14066. Is w a prime number?
True
Let d = 2984 - 1457. Suppose 0 = -20*c + 4747 - d. Is c a prime number?
False
Let a = 176 - 92. Let b = 2537 - a. Is b a composite number?
True
Suppose -91*v - 2125951 = -138*v. Is v a prime number?
True
Let i(f) = 460*f**2 - 82*f - 812. Is i(-9) composite?
True
Let v be (3 + -665)/((-7)/42). Let b = 49 + -47. Suppose -4*y + v = -b*u, 3968 = 4*y - u - 0*u. Is y a composite number?
False
Suppose 122*v - 14*v - 69303492 = 0. Is v a composite number?
True
Let i(o) be the third derivative of o**5/10 + 2*o**3/3 - 17*o**2. Let m be i(-5). Suppose 7*w - m = 1932. Is w a prime number?
False
Let o = -1497346 - -2115303. Is o composite?
True
Let j(x) be the second derivative of -17/3*x**3 + 0 + 20*x + 5/2*x**2. Is j(-12) a prime number?
False
Let j(f) = -121*f**3 - 6*f**2 + 2*f - 5. Let t(d) = 485*d**3 + 25*d**2 - 8*d + 21. Let s(v) = -9*j(v) - 2*t(v). Is s(2) prime?
True
Suppose -284*v + 66251157 - 14710897 + 149266200 = 0. Is v a prime number?
False
Let a = 18284 - -4149. Let s = 40807 - a. Is s composite?
True
Let i = -178 - 751. Let s = 2690 + i. Is s prime?
False
Is 18/(-8) + 46785585/84 + -8 composite?
True
Suppose -6*a - 29*a = -19312825. Is a a prime number?
False
Let d = 999719 + -550266. Is d a composite number?
True
Let y(r) = 16*r**3 + 3*r**2 - 9*r + 3. Let a(l) = 5*l - 9. Let i be a(-3). Let u be i/16*(-8)/3. Is y(u) a prime number?
True
Let u = 5 + 37. Let i = u - 38. Is (3 - i/1)*-1883 composite?
True
Suppose -3*a - 27*o + 126673 = -32*o, 4*a - o - 168886 = 0. Is a a composite number?
False
Let a = -3357 - -175. Let k = a - -4579. Is k prime?
False
Suppose 159*i - 114*i - 1331730 = 0. Is i a prime number?
False
Suppose -p = -8*m + 3*m + 8, -4*p + m + 6 = 0. Let b be (p + 679/3)*(-30)/(-10). Let l = -52 + b. Is l a prime number?
False
Suppose 3105 + 2823 = -4*g. Let r = g + 5756. Is r a composite number?
True
Let f be 174138 - ((-3)/9)/(3/(-45)). Suppose 0 = 32*j - 9*j - f. Is j a prime number?
False
Suppose -4*a + 152 = 3*m - 2*a, 4*m + 2*a - 204 = 0. Suppose -28 - 117 = -5*z. Let o = m - z. Is o a composite number?
False
Let z(g) = -2*g**2 + 29*g - 42. Let j be z(13). Let p(x) = -2683*x - 88. Is p(j) composite?
True
Let n = 93 + -88. Suppose 5*z - 4*t - 33 = 0, 4*z + 2*t - 26 = n*t. Suppose z*h + 314 = 3*p - 0*h, 236 = 2*p + 2*h. Is p prime?
True
Suppose -7*r + 7*r = -8*r. Suppose -2*w + r*w = 5*l - 1055, 0 = -2*l + w + 431. Is l prime?
False
Is (1 - 61049*2)*107/(-321) a composite number?
False
Suppose j - 15917 = -n + 5*n, 0 = 2*n - 3*j + 7971. Let a = n - -6739. Is a composite?
True
Let d = -11128 + 6403. Let g = 2890 - d. Suppose -156*x + g = -151*x. Is x a prime number?
True
Suppose b + 8028 = -2793. Let c = -5836 - b. Is c a prime number?
False
Suppose -2*c = -47 - 125. Let m = c + 26. Suppose -p + 219 + m = 0. Is p a composite number?
False
Let r be (8/(-4))/(-1*(-1 - -3)). Is -4 - ((-133)/r + -5) a prime number?
False
Let p = 33413 - -11036. Is p composite?
False
Let k = 203470 + -107357. Is k composite?
True
Suppose 118 + 47 = 5*r. Let f(d) = -2*d**2 - 2*d**2 + 2*d**2 + r*d**3 - 2*d + 7*d**2 - 1. Is f(4) a composite number?
True
Let j(m) = -2*m**3 + 45*m**2 - m + 353. Is j(-20) composite?
True
Suppose -18*x - 376202 = -26*x + 434270. Is x composite?
True
Suppose 1311*l = 1291*l + 1036940. Is l prime?
False
Let l(j) = 18*j**3 + j + 2. Let d be l(-1). Is (0 - -1)/(d/(-256717)) a composite number?
False
Let i(m) = 2620*m**2 - 11*m + 12. Let b be i(-4). Suppose 18*o = b - 11178. Is o prime?
False
Let r(g) = -198*g**3 + 31*g**2 - 6*g + 2. Is r(-3) a composite number?
True
Let d(l) = 5326*l - 2. Let i be d(-4). Is (i + (-4)/(-1))/(3 - 5) a composite number?
False
Let i = 942737 + -334483. Is i prime?
False
Suppose 11*f + 106417 = 297564. Is f a prime number?
True
Suppose 2*q - 3*j = 10, -8*j + 11*j = 12. Is (q + -3)/(-2) + (7645 - 2) a composite number?
False
Let h(s) = -87*s**2 - 11. Let v be h(-5). Let b = v + -580. Let p = -1631 - b. Is p prime?
False
Let x(q) = -375593*q**3 + 20*q**2 + 23*q + 3. Is x(-1) composite?
False
Let h(m) = 56*m**2 - 43*m + 1522. Is h(79) composite?
False
Let w(s) = 2719*s**3 + 3*s**2 - 3*s - 3. Let b be w(2). Suppose o + 1989 = m - 3441, b = 4*m + 3*o. Is m composite?
True
Let q(o) = -6*o + 20. Let x(n) = 17*n - 61. Let u(d) = 11*q(d) + 4*x(d). Let y be u(18). Let b(c) = 8*c**2 - 15*c - 17. Is b(y) a composite number?
True
Is 42294005/135 + (-96)/(-1296) prime?
True
Is (44/(-33))/(8/(-450666)) composite?
True
Let d(b) = 4*b - 87. Let u be d(26). Suppose -74857 = -u*r + 42970. Is r composite?
True
Let r = 101 - 101. Suppose 5*a - s + 5*s - 94199 = r, 4 = 4*s. Is a composite?
False
Is (-159)/(-51) + -3 - 61876417/(-1411) a composite number?
False
Suppose -41*v + 52697 = -38241. Is v a composite number?
True
Suppose -2*s = -4*z - 577218, 119*z + 1443097 = 5*s + 122*z. Is s prime?
False
Let v = -134944 - -476121. Is v a prime number?
False
Let j(u) = 30